{"id":40,"date":"2023-01-11T10:20:49","date_gmt":"2023-01-11T09:20:49","guid":{"rendered":"http:\/\/helyoarchitectes.com\/?page_id=40"},"modified":"2023-01-17T12:07:48","modified_gmt":"2023-01-17T11:07:48","slug":"ecoquartier-vallin-fier","status":"publish","type":"page","link":"https:\/\/helyoarchitectes.com\/?page_id=40","title":{"rendered":"ECOQUARTIER VALLIN FIER"},"content":{"rendered":"\t\t<div data-elementor-type=\"wp-page\" data-elementor-id=\"40\" class=\"elementor elementor-40\">\n\t\t\t\t\t\t<section class=\"elementor-section elementor-top-section elementor-element elementor-element-96b5a68 elementor-section-height-min-height elementor-section-boxed elementor-section-height-default elementor-section-items-middle\" data-id=\"96b5a68\" data-element_type=\"section\" data-e-type=\"section\" data-settings=\"{&quot;background_background&quot;:&quot;classic&quot;}\">\n\t\t\t\t\t\t<div class=\"elementor-container elementor-column-gap-default\">\n\t\t\t\t\t<div class=\"elementor-column elementor-col-100 elementor-top-column elementor-element elementor-element-f8cfdd8\" data-id=\"f8cfdd8\" data-element_type=\"column\" data-e-type=\"column\">\n\t\t\t<div class=\"elementor-widget-wrap elementor-element-populated\">\n\t\t\t\t\t\t<div class=\"elementor-element elementor-element-a4d2053 elementor-widget elementor-widget-heading\" data-id=\"a4d2053\" data-element_type=\"widget\" data-e-type=\"widget\" data-widget_type=\"heading.default\">\n\t\t\t\t<div class=\"elementor-widget-container\">\n\t\t\t\t\t<h2 class=\"elementor-heading-title elementor-size-default\">ECOQUARTIER VALLIN FIER<\/h2>\t\t\t\t<\/div>\n\t\t\t\t<\/div>\n\t\t\t\t\t<\/div>\n\t\t<\/div>\n\t\t\t\t\t<\/div>\n\t\t<\/section>\n\t\t\t\t<section class=\"elementor-section elementor-top-section elementor-element elementor-element-43a54c4 elementor-section-full_width elementor-section-height-default elementor-section-height-default\" data-id=\"43a54c4\" data-element_type=\"section\" data-e-type=\"section\">\n\t\t\t\t\t\t<div class=\"elementor-container elementor-column-gap-default\">\n\t\t\t\t\t<div class=\"elementor-column elementor-col-33 elementor-top-column elementor-element elementor-element-138c9be\" data-id=\"138c9be\" data-element_type=\"column\" data-e-type=\"column\">\n\t\t\t<div class=\"elementor-widget-wrap elementor-element-populated\">\n\t\t\t\t\t\t<div class=\"elementor-element elementor-element-4428296 elementor-widget elementor-widget-text-editor\" data-id=\"4428296\" data-element_type=\"widget\" data-e-type=\"widget\" data-widget_type=\"text-editor.default\">\n\t\t\t\t<div class=\"elementor-widget-container\">\n\t\t\t\t\t\t\t\t\t<p><b>PROGRAMME : 124 logements au coeur d\u2019un \u00e9coquartier.<\/b><\/p>\n<p><b>MOA : Nexity<\/b><\/p>\n<p><b>SURFACE : 9 000 m\u00b2 SDP<\/b><\/p>\n<p><b>CALENDRIER : Concours Laur\u00e9at &#8211; livraison 2019 (r\u00e9alis\u00e9&nbsp;<span style=\"font-size: 15px; color: var( --e-global-color-text );\">chez SUD)<\/span><\/b><\/p>\n<p><b>PERFORMANCES : RT 2012&nbsp;<span style=\"font-size: 15px; color: var( --e-global-color-text );\">Niveau MINERGIE<\/span><\/b><\/p>\n<p>La ville de demain, hyper connect\u00e9e, toujours plus&nbsp;<span style=\"font-size: 15px; color: var( --e-global-color-text );\">en mouvement, sources d\u2019opportunit\u00e9s, d\u2019usages&nbsp;<\/span><span style=\"font-size: 15px; color: var( --e-global-color-text );\">diverses et \u00e9coresponsables, elle se devra aussi d\u2019\u00eatre&nbsp;<\/span><span style=\"font-size: 15px; color: var( --e-global-color-text );\">plus conviviale, plus accueillante et favorisera le partage&nbsp;<\/span><span style=\"font-size: 15px; color: var( --e-global-color-text );\">et la solidarit\u00e9 entre voisins.<\/span><\/p>\n<p>Vivre la ville de demain, c\u2019est d\u2019abord l\u2019imaginer&nbsp;<span style=\"font-size: 15px; color: var( --e-global-color-text );\">ensemble, en concevant un projet ancr\u00e9 dans la r\u00e9alit\u00e9,&nbsp;<\/span><span style=\"font-size: 15px; color: var( --e-global-color-text );\">capable de r\u00e9pondre aux exigences actuelles&nbsp;<\/span><span style=\"font-size: 15px; color: var( --e-global-color-text );\">tout en anticipant les futures attentes, qu\u2019elles soient&nbsp;<\/span><span style=\"font-size: 15px; color: var( --e-global-color-text );\">d\u2019ordre&nbsp;<\/span><span style=\"font-size: 15px; color: var( --e-global-color-text );\">environnemental ou soci\u00e9tal.<\/span><\/p>\n<p>Convaincus que le \u00ab bonheur citadin \u00bb ne se r\u00e9sume&nbsp;<span style=\"font-size: 15px; color: var( --e-global-color-text );\">pas \u00e0 l\u2019application de recettes \u00e9nerg\u00e9tiques, nous&nbsp;<\/span><span style=\"font-size: 15px; color: var( --e-global-color-text );\">avons imagin\u00e9 pour l\u2019Eco quartier de Vallin-Fier un&nbsp;<\/span><span style=\"font-size: 15px; color: var( --e-global-color-text );\">v\u00e9ritable projet de soci\u00e9t\u00e9, durable et responsable.<\/span><\/p>\n<p>L\u2019id\u00e9e est de proposer un concept novateur de 120&nbsp;<span style=\"font-size: 15px; color: var( --e-global-color-text );\">logements au service de l\u2019usager et de son \u00e9panouissement.<\/span><\/p>\n<p>Un lieu o\u00f9 l\u2019on est fier d\u2019habiter, pour&nbsp;<span style=\"font-size: 15px; color: var( --e-global-color-text );\">ses qualit\u00e9s environnementales, esth\u00e9tiques et&nbsp;<\/span><span style=\"font-size: 15px; color: var( --e-global-color-text );\">paysag\u00e8res. Un&nbsp;<\/span>lieu o\u00f9 l\u2019on vit et o\u00f9 l\u2019on peut devenir&nbsp;<span style=\"font-size: 15px; color: var( --e-global-color-text );\">acteur.<\/span><\/p>\t\t\t\t\t\t\t\t<\/div>\n\t\t\t\t<\/div>\n\t\t\t\t\t<\/div>\n\t\t<\/div>\n\t\t\t\t<div class=\"elementor-column elementor-col-33 elementor-top-column elementor-element elementor-element-748096f\" data-id=\"748096f\" data-element_type=\"column\" data-e-type=\"column\">\n\t\t\t<div class=\"elementor-widget-wrap elementor-element-populated\">\n\t\t\t\t\t\t<div class=\"elementor-element elementor-element-af9c3f0 elementor-widget elementor-widget-image\" data-id=\"af9c3f0\" data-element_type=\"widget\" data-e-type=\"widget\" data-widget_type=\"image.default\">\n\t\t\t\t<div class=\"elementor-widget-container\">\n\t\t\t\t\t\t\t\t\t\t\t\t\t\t\t<img fetchpriority=\"high\" decoding=\"async\" width=\"1024\" height=\"494\" src=\"https:\/\/helyoarchitectes.com\/wp-content\/uploads\/2023\/01\/Annecy_c01V2_Rue_04-1024x494.jpg\" class=\"attachment-large size-large wp-image-242\" alt=\"\" srcset=\"https:\/\/helyoarchitectes.com\/wp-content\/uploads\/2023\/01\/Annecy_c01V2_Rue_04-1024x494.jpg 1024w, https:\/\/helyoarchitectes.com\/wp-content\/uploads\/2023\/01\/Annecy_c01V2_Rue_04-300x145.jpg 300w, https:\/\/helyoarchitectes.com\/wp-content\/uploads\/2023\/01\/Annecy_c01V2_Rue_04-768x370.jpg 768w, https:\/\/helyoarchitectes.com\/wp-content\/uploads\/2023\/01\/Annecy_c01V2_Rue_04-1536x740.jpg 1536w, https:\/\/helyoarchitectes.com\/wp-content\/uploads\/2023\/01\/Annecy_c01V2_Rue_04.jpg 1772w\" sizes=\"(max-width: 1024px) 100vw, 1024px\" \/>\t\t\t\t\t\t\t\t\t\t\t\t\t\t\t<\/div>\n\t\t\t\t<\/div>\n\t\t\t\t<div class=\"elementor-element elementor-element-e154bfd e-transform elementor-widget elementor-widget-image\" data-id=\"e154bfd\" data-element_type=\"widget\" data-e-type=\"widget\" data-settings=\"{&quot;_transform_scaleX_effect&quot;:{&quot;unit&quot;:&quot;px&quot;,&quot;size&quot;:&quot;&quot;,&quot;sizes&quot;:[]},&quot;_transform_scaleX_effect_tablet&quot;:{&quot;unit&quot;:&quot;px&quot;,&quot;size&quot;:&quot;&quot;,&quot;sizes&quot;:[]},&quot;_transform_scaleX_effect_mobile&quot;:{&quot;unit&quot;:&quot;px&quot;,&quot;size&quot;:&quot;&quot;,&quot;sizes&quot;:[]},&quot;_transform_scaleY_effect&quot;:{&quot;unit&quot;:&quot;px&quot;,&quot;size&quot;:&quot;&quot;,&quot;sizes&quot;:[]},&quot;_transform_scaleY_effect_tablet&quot;:{&quot;unit&quot;:&quot;px&quot;,&quot;size&quot;:&quot;&quot;,&quot;sizes&quot;:[]},&quot;_transform_scaleY_effect_mobile&quot;:{&quot;unit&quot;:&quot;px&quot;,&quot;size&quot;:&quot;&quot;,&quot;sizes&quot;:[]}}\" data-widget_type=\"image.default\">\n\t\t\t\t<div class=\"elementor-widget-container\">\n\t\t\t\t\t\t\t\t\t\t\t\t\t\t\t<img decoding=\"async\" width=\"1024\" height=\"676\" src=\"https:\/\/helyoarchitectes.com\/wp-content\/uploads\/2023\/01\/2-page-de-garde-incedie-1-1024x676.jpg\" class=\"attachment-large size-large wp-image-239\" alt=\"\" srcset=\"https:\/\/helyoarchitectes.com\/wp-content\/uploads\/2023\/01\/2-page-de-garde-incedie-1-1024x676.jpg 1024w, https:\/\/helyoarchitectes.com\/wp-content\/uploads\/2023\/01\/2-page-de-garde-incedie-1-300x198.jpg 300w, https:\/\/helyoarchitectes.com\/wp-content\/uploads\/2023\/01\/2-page-de-garde-incedie-1-768x507.jpg 768w, https:\/\/helyoarchitectes.com\/wp-content\/uploads\/2023\/01\/2-page-de-garde-incedie-1-1536x1013.jpg 1536w, https:\/\/helyoarchitectes.com\/wp-content\/uploads\/2023\/01\/2-page-de-garde-incedie-1.jpg 1772w\" sizes=\"(max-width: 1024px) 100vw, 1024px\" \/>\t\t\t\t\t\t\t\t\t\t\t\t\t\t\t<\/div>\n\t\t\t\t<\/div>\n\t\t\t\t\t<\/div>\n\t\t<\/div>\n\t\t\t\t<div class=\"elementor-column elementor-col-33 elementor-top-column elementor-element elementor-element-d0e3c2e\" data-id=\"d0e3c2e\" data-element_type=\"column\" data-e-type=\"column\">\n\t\t\t<div class=\"elementor-widget-wrap elementor-element-populated\">\n\t\t\t\t\t\t<div class=\"elementor-element elementor-element-6ea82ae elementor-widget elementor-widget-image\" data-id=\"6ea82ae\" data-element_type=\"widget\" data-e-type=\"widget\" data-widget_type=\"image.default\">\n\t\t\t\t<div class=\"elementor-widget-container\">\n\t\t\t\t\t\t\t\t\t\t\t\t\t\t\t<img decoding=\"async\" width=\"1024\" height=\"875\" src=\"https:\/\/helyoarchitectes.com\/wp-content\/uploads\/2023\/01\/5690-92-2-1024x875.jpg\" class=\"attachment-large size-large wp-image-241\" alt=\"\" srcset=\"https:\/\/helyoarchitectes.com\/wp-content\/uploads\/2023\/01\/5690-92-2-1024x875.jpg 1024w, https:\/\/helyoarchitectes.com\/wp-content\/uploads\/2023\/01\/5690-92-2-300x256.jpg 300w, https:\/\/helyoarchitectes.com\/wp-content\/uploads\/2023\/01\/5690-92-2-768x656.jpg 768w, https:\/\/helyoarchitectes.com\/wp-content\/uploads\/2023\/01\/5690-92-2-1536x1312.jpg 1536w, https:\/\/helyoarchitectes.com\/wp-content\/uploads\/2023\/01\/5690-92-2.jpg 1772w\" sizes=\"(max-width: 1024px) 100vw, 1024px\" \/>\t\t\t\t\t\t\t\t\t\t\t\t\t\t\t<\/div>\n\t\t\t\t<\/div>\n\t\t\t\t<div class=\"elementor-element elementor-element-4914744 elementor-widget elementor-widget-image\" data-id=\"4914744\" data-element_type=\"widget\" data-e-type=\"widget\" data-widget_type=\"image.default\">\n\t\t\t\t<div class=\"elementor-widget-container\">\n\t\t\t\t\t\t\t\t\t\t\t\t\t\t\t<img loading=\"lazy\" decoding=\"async\" width=\"1024\" height=\"941\" src=\"https:\/\/helyoarchitectes.com\/wp-content\/uploads\/2023\/01\/5633-34-35_reduit-1-1024x941.jpg\" class=\"attachment-large size-large wp-image-240\" alt=\"\" srcset=\"https:\/\/helyoarchitectes.com\/wp-content\/uploads\/2023\/01\/5633-34-35_reduit-1-1024x941.jpg 1024w, https:\/\/helyoarchitectes.com\/wp-content\/uploads\/2023\/01\/5633-34-35_reduit-1-300x276.jpg 300w, https:\/\/helyoarchitectes.com\/wp-content\/uploads\/2023\/01\/5633-34-35_reduit-1-768x706.jpg 768w, https:\/\/helyoarchitectes.com\/wp-content\/uploads\/2023\/01\/5633-34-35_reduit-1-1536x1411.jpg 1536w, https:\/\/helyoarchitectes.com\/wp-content\/uploads\/2023\/01\/5633-34-35_reduit-1.jpg 1772w\" sizes=\"(max-width: 1024px) 100vw, 1024px\" \/>\t\t\t\t\t\t\t\t\t\t\t\t\t\t\t<\/div>\n\t\t\t\t<\/div>\n\t\t\t\t\t<\/div>\n\t\t<\/div>\n\t\t\t\t\t<\/div>\n\t\t<\/section>\n\t\t\t\t<\/div>\n\t\t","protected":false},"excerpt":{"rendered":"<p>ECOQUARTIER VALLIN FIER PROGRAMME : 124 logements au coeur d\u2019un \u00e9coquartier. MOA : Nexity SURFACE : 9 000 m\u00b2 SDP CALENDRIER : Concours Laur\u00e9at &#8211; livraison 2019 (r\u00e9alis\u00e9&nbsp;chez SUD) PERFORMANCES : RT 2012&nbsp;Niveau MINERGIE La ville de demain, hyper connect\u00e9e, toujours plus&nbsp;en mouvement, sources d\u2019opportunit\u00e9s, d\u2019usages&nbsp;diverses et \u00e9coresponsables, elle se devra aussi d\u2019\u00eatre&nbsp;plus conviviale, plus [&hellip;]<\/p>\n","protected":false},"author":1,"featured_media":0,"parent":0,"menu_order":0,"comment_status":"closed","ping_status":"closed","template":"","meta":{"ocean_post_layout":"","ocean_both_sidebars_style":"","ocean_both_sidebars_content_width":0,"ocean_both_sidebars_sidebars_width":0,"ocean_sidebar":"","ocean_second_sidebar":"","ocean_disable_margins":"enable","ocean_add_body_class":"","ocean_shortcode_before_top_bar":"","ocean_shortcode_after_top_bar":"","ocean_shortcode_before_header":"","ocean_shortcode_after_header":"","ocean_has_shortcode":"","ocean_shortcode_after_title":"","ocean_shortcode_before_footer_widgets":"","ocean_shortcode_after_footer_widgets":"","ocean_shortcode_before_footer_bottom":"","ocean_shortcode_after_footer_bottom":"","ocean_display_top_bar":"default","ocean_display_header":"default","ocean_header_style":"","ocean_center_header_left_menu":"","ocean_custom_header_template":"","ocean_custom_logo":0,"ocean_custom_retina_logo":0,"ocean_custom_logo_max_width":0,"ocean_custom_logo_tablet_max_width":0,"ocean_custom_logo_mobile_max_width":0,"ocean_custom_logo_max_height":0,"ocean_custom_logo_tablet_max_height":0,"ocean_custom_logo_mobile_max_height":0,"ocean_header_custom_menu":"","ocean_menu_typo_font_family":"","ocean_menu_typo_font_subset":"","ocean_menu_typo_font_size":0,"ocean_menu_typo_font_size_tablet":0,"ocean_menu_typo_font_size_mobile":0,"ocean_menu_typo_font_size_unit":"px","ocean_menu_typo_font_weight":"","ocean_menu_typo_font_weight_tablet":"","ocean_menu_typo_font_weight_mobile":"","ocean_menu_typo_transform":"","ocean_menu_typo_transform_tablet":"","ocean_menu_typo_transform_mobile":"","ocean_menu_typo_line_height":0,"ocean_menu_typo_line_height_tablet":0,"ocean_menu_typo_line_height_mobile":0,"ocean_menu_typo_line_height_unit":"","ocean_menu_typo_spacing":0,"ocean_menu_typo_spacing_tablet":0,"ocean_menu_typo_spacing_mobile":0,"ocean_menu_typo_spacing_unit":"","ocean_menu_link_color":"","ocean_menu_link_color_hover":"","ocean_menu_link_color_active":"","ocean_menu_link_background":"","ocean_menu_link_hover_background":"","ocean_menu_link_active_background":"","ocean_menu_social_links_bg":"","ocean_menu_social_hover_links_bg":"","ocean_menu_social_links_color":"","ocean_menu_social_hover_links_color":"","ocean_disable_title":"default","ocean_disable_heading":"default","ocean_post_title":"","ocean_post_subheading":"","ocean_post_title_style":"","ocean_post_title_background_color":"","ocean_post_title_background":0,"ocean_post_title_bg_image_position":"","ocean_post_title_bg_image_attachment":"","ocean_post_title_bg_image_repeat":"","ocean_post_title_bg_image_size":"","ocean_post_title_height":0,"ocean_post_title_bg_overlay":0.5,"ocean_post_title_bg_overlay_color":"","ocean_disable_breadcrumbs":"default","ocean_breadcrumbs_color":"","ocean_breadcrumbs_separator_color":"","ocean_breadcrumbs_links_color":"","ocean_breadcrumbs_links_hover_color":"","ocean_display_footer_widgets":"default","ocean_display_footer_bottom":"default","ocean_custom_footer_template":"","footnotes":""},"class_list":["post-40","page","type-page","status-publish","hentry","entry"],"yoast_head":"<!-- This site is optimized with the Yoast SEO plugin v22.3 - https:\/\/yoast.com\/wordpress\/plugins\/seo\/ -->\n<title>Helyo architectes<\/title>\n<meta name=\"description\" content=\"agence d&#039;architecture \u00e0 Lyon\" \/>\n<meta name=\"robots\" content=\"index, follow, max-snippet:-1, max-image-preview:large, max-video-preview:-1\" \/>\n<link rel=\"canonical\" href=\"https:\/\/helyoarchitectes.com\/?page_id=40\" \/>\n<meta property=\"og:locale\" content=\"fr_FR\" \/>\n<meta property=\"og:type\" content=\"article\" \/>\n<meta property=\"og:title\" content=\"Helyo architectes\" \/>\n<meta property=\"og:description\" content=\"agence d&#039;architecture \u00e0 Lyon\" \/>\n<meta property=\"og:url\" content=\"https:\/\/helyoarchitectes.com\/?page_id=40\" \/>\n<meta property=\"og:site_name\" content=\"Helyo architectes\" \/>\n<meta property=\"article:modified_time\" content=\"2023-01-17T11:07:48+00:00\" \/>\n<meta property=\"og:image\" content=\"http:\/\/helyoarchitectes.com\/wp-content\/uploads\/2023\/01\/Annecy_c01V2_Rue_04-1024x494.jpg\" \/>\n<meta name=\"twitter:card\" content=\"summary_large_image\" \/>\n<meta name=\"twitter:label1\" content=\"Dur\u00e9e de lecture estim\u00e9e\" \/>\n\t<meta name=\"twitter:data1\" content=\"2 minutes\" \/>\n<script type=\"application\/ld+json\" class=\"yoast-schema-graph\">{\"@context\":\"https:\/\/schema.org\",\"@graph\":[{\"@type\":\"WebPage\",\"@id\":\"https:\/\/helyoarchitectes.com\/?page_id=40\",\"url\":\"https:\/\/helyoarchitectes.com\/?page_id=40\",\"name\":\"Helyo architectes\",\"isPartOf\":{\"@id\":\"http:\/\/helyoarchitectes.com\/#website\"},\"primaryImageOfPage\":{\"@id\":\"https:\/\/helyoarchitectes.com\/?page_id=40#primaryimage\"},\"image\":{\"@id\":\"https:\/\/helyoarchitectes.com\/?page_id=40#primaryimage\"},\"thumbnailUrl\":\"http:\/\/helyoarchitectes.com\/wp-content\/uploads\/2023\/01\/Annecy_c01V2_Rue_04-1024x494.jpg\",\"datePublished\":\"2023-01-11T09:20:49+00:00\",\"dateModified\":\"2023-01-17T11:07:48+00:00\",\"description\":\"agence d'architecture \u00e0 Lyon\",\"breadcrumb\":{\"@id\":\"https:\/\/helyoarchitectes.com\/?page_id=40#breadcrumb\"},\"inLanguage\":\"fr-FR\",\"potentialAction\":[{\"@type\":\"ReadAction\",\"target\":[\"https:\/\/helyoarchitectes.com\/?page_id=40\"]}]},{\"@type\":\"ImageObject\",\"inLanguage\":\"fr-FR\",\"@id\":\"https:\/\/helyoarchitectes.com\/?page_id=40#primaryimage\",\"url\":\"https:\/\/helyoarchitectes.com\/wp-content\/uploads\/2023\/01\/Annecy_c01V2_Rue_04.jpg\",\"contentUrl\":\"https:\/\/helyoarchitectes.com\/wp-content\/uploads\/2023\/01\/Annecy_c01V2_Rue_04.jpg\",\"width\":1772,\"height\":854},{\"@type\":\"BreadcrumbList\",\"@id\":\"https:\/\/helyoarchitectes.com\/?page_id=40#breadcrumb\",\"itemListElement\":[{\"@type\":\"ListItem\",\"position\":1,\"name\":\"Accueil\",\"item\":\"http:\/\/helyoarchitectes.com\/\"},{\"@type\":\"ListItem\",\"position\":2,\"name\":\"ECOQUARTIER VALLIN FIER\"}]},{\"@type\":\"WebSite\",\"@id\":\"http:\/\/helyoarchitectes.com\/#website\",\"url\":\"http:\/\/helyoarchitectes.com\/\",\"name\":\"helyoarchitectes.com\",\"description\":\"Un site utilisant WordPress\",\"publisher\":{\"@id\":\"http:\/\/helyoarchitectes.com\/#organization\"},\"alternateName\":\"helyoarchitectes.com\",\"potentialAction\":[{\"@type\":\"SearchAction\",\"target\":{\"@type\":\"EntryPoint\",\"urlTemplate\":\"http:\/\/helyoarchitectes.com\/?s={search_term_string}\"},\"query-input\":\"required name=search_term_string\"}],\"inLanguage\":\"fr-FR\"},{\"@type\":\"Organization\",\"@id\":\"http:\/\/helyoarchitectes.com\/#organization\",\"name\":\"helyo architectes\",\"alternateName\":\"helyo\",\"url\":\"http:\/\/helyoarchitectes.com\/\",\"logo\":{\"@type\":\"ImageObject\",\"inLanguage\":\"fr-FR\",\"@id\":\"http:\/\/helyoarchitectes.com\/#\/schema\/logo\/image\/\",\"url\":\"https:\/\/helyoarchitectes.com\/wp-content\/uploads\/2023\/01\/cropped-helyo_architectes_final.jpg\",\"contentUrl\":\"https:\/\/helyoarchitectes.com\/wp-content\/uploads\/2023\/01\/cropped-helyo_architectes_final.jpg\",\"width\":478,\"height\":276,\"caption\":\"helyo architectes\"},\"image\":{\"@id\":\"http:\/\/helyoarchitectes.com\/#\/schema\/logo\/image\/\"}}]}<\/script>\n<!-- \/ Yoast SEO plugin. -->","yoast_head_json":{"title":"Helyo architectes","description":"agence d'architecture \u00e0 Lyon","robots":{"index":"index","follow":"follow","max-snippet":"max-snippet:-1","max-image-preview":"max-image-preview:large","max-video-preview":"max-video-preview:-1"},"canonical":"https:\/\/helyoarchitectes.com\/?page_id=40","og_locale":"fr_FR","og_type":"article","og_title":"Helyo architectes","og_description":"agence d'architecture \u00e0 Lyon","og_url":"https:\/\/helyoarchitectes.com\/?page_id=40","og_site_name":"Helyo architectes","article_modified_time":"2023-01-17T11:07:48+00:00","og_image":[{"url":"http:\/\/helyoarchitectes.com\/wp-content\/uploads\/2023\/01\/Annecy_c01V2_Rue_04-1024x494.jpg"}],"twitter_card":"summary_large_image","twitter_misc":{"Dur\u00e9e de lecture estim\u00e9e":"2 minutes"},"schema":{"@context":"https:\/\/schema.org","@graph":[{"@type":"WebPage","@id":"https:\/\/helyoarchitectes.com\/?page_id=40","url":"https:\/\/helyoarchitectes.com\/?page_id=40","name":"Helyo architectes","isPartOf":{"@id":"http:\/\/helyoarchitectes.com\/#website"},"primaryImageOfPage":{"@id":"https:\/\/helyoarchitectes.com\/?page_id=40#primaryimage"},"image":{"@id":"https:\/\/helyoarchitectes.com\/?page_id=40#primaryimage"},"thumbnailUrl":"http:\/\/helyoarchitectes.com\/wp-content\/uploads\/2023\/01\/Annecy_c01V2_Rue_04-1024x494.jpg","datePublished":"2023-01-11T09:20:49+00:00","dateModified":"2023-01-17T11:07:48+00:00","description":"agence d'architecture \u00e0 Lyon","breadcrumb":{"@id":"https:\/\/helyoarchitectes.com\/?page_id=40#breadcrumb"},"inLanguage":"fr-FR","potentialAction":[{"@type":"ReadAction","target":["https:\/\/helyoarchitectes.com\/?page_id=40"]}]},{"@type":"ImageObject","inLanguage":"fr-FR","@id":"https:\/\/helyoarchitectes.com\/?page_id=40#primaryimage","url":"https:\/\/helyoarchitectes.com\/wp-content\/uploads\/2023\/01\/Annecy_c01V2_Rue_04.jpg","contentUrl":"https:\/\/helyoarchitectes.com\/wp-content\/uploads\/2023\/01\/Annecy_c01V2_Rue_04.jpg","width":1772,"height":854},{"@type":"BreadcrumbList","@id":"https:\/\/helyoarchitectes.com\/?page_id=40#breadcrumb","itemListElement":[{"@type":"ListItem","position":1,"name":"Accueil","item":"http:\/\/helyoarchitectes.com\/"},{"@type":"ListItem","position":2,"name":"ECOQUARTIER VALLIN FIER"}]},{"@type":"WebSite","@id":"http:\/\/helyoarchitectes.com\/#website","url":"http:\/\/helyoarchitectes.com\/","name":"helyoarchitectes.com","description":"Un site utilisant WordPress","publisher":{"@id":"http:\/\/helyoarchitectes.com\/#organization"},"alternateName":"helyoarchitectes.com","potentialAction":[{"@type":"SearchAction","target":{"@type":"EntryPoint","urlTemplate":"http:\/\/helyoarchitectes.com\/?s={search_term_string}"},"query-input":"required name=search_term_string"}],"inLanguage":"fr-FR"},{"@type":"Organization","@id":"http:\/\/helyoarchitectes.com\/#organization","name":"helyo architectes","alternateName":"helyo","url":"http:\/\/helyoarchitectes.com\/","logo":{"@type":"ImageObject","inLanguage":"fr-FR","@id":"http:\/\/helyoarchitectes.com\/#\/schema\/logo\/image\/","url":"https:\/\/helyoarchitectes.com\/wp-content\/uploads\/2023\/01\/cropped-helyo_architectes_final.jpg","contentUrl":"https:\/\/helyoarchitectes.com\/wp-content\/uploads\/2023\/01\/cropped-helyo_architectes_final.jpg","width":478,"height":276,"caption":"helyo architectes"},"image":{"@id":"http:\/\/helyoarchitectes.com\/#\/schema\/logo\/image\/"}}]}},"_links":{"self":[{"href":"https:\/\/helyoarchitectes.com\/index.php?rest_route=\/wp\/v2\/pages\/40","targetHints":{"allow":["GET"]}}],"collection":[{"href":"https:\/\/helyoarchitectes.com\/index.php?rest_route=\/wp\/v2\/pages"}],"about":[{"href":"https:\/\/helyoarchitectes.com\/index.php?rest_route=\/wp\/v2\/types\/page"}],"author":[{"embeddable":true,"href":"https:\/\/helyoarchitectes.com\/index.php?rest_route=\/wp\/v2\/users\/1"}],"replies":[{"embeddable":true,"href":"https:\/\/helyoarchitectes.com\/index.php?rest_route=%2Fwp%2Fv2%2Fcomments&post=40"}],"version-history":[{"count":31,"href":"https:\/\/helyoarchitectes.com\/index.php?rest_route=\/wp\/v2\/pages\/40\/revisions"}],"predecessor-version":[{"id":567,"href":"https:\/\/helyoarchitectes.com\/index.php?rest_route=\/wp\/v2\/pages\/40\/revisions\/567"}],"wp:attachment":[{"href":"https:\/\/helyoarchitectes.com\/index.php?rest_route=%2Fwp%2Fv2%2Fmedia&parent=40"}],"curies":[{"name":"wp","href":"https:\/\/api.w.org\/{rel}","templated":true}]}}